 by 747.
743
What is the remainder when 5182 is divided by 208?
190
Calculate the remainder when 73301 is divided by 17.
14
What is the remainder when 9839 is divided by 29?
8
What is the remainder when 2810 is divided by 155?
20
What is the remainder when 6582 is divided by 17?
3
What is the remainder when 14116 is divided by 13993?
123
What is the remainder when 11860 is divided by 11826?
34
Calculate the remainder when 259140 is divided by 86362.
54
What is the remainder when 115479 is divided by 155?
4
Calculate the remainder when 1831 is divided by 32.
7
What is the remainder when 4702 is divided by 750?
202
Calculate the remainder when 16682 is divided by 56.
50
Calculate the remainder when 5332103 is divided by 412.
411
What is the remainder when 102199 is divided by 33?
31
What is the remainder when 18412 is divided by 1613?
669
What is the remainder when 43999 is divided by 2933?
4
What is the remainder when 14788 is divided by 735?
88
Calculate the remainder when 25050 is divided by 241.
227
What is the remainder when 51127 is divided by 8?
7
Calculate the remainder when 8726499 is divided by 10.
9
What is the remainder when 19316 is divided by 7?
3
Calculate the remainder when 545712 is divided by 60.
12
Calculate the remainder when 133550 is divided by 68.
66
What is the remainder when 743 is divided by 55?
28
What is the remainder when 149097 is divided by 29?
8
Calculate the remainder when 468 is divided by 114.
12
Calculate the remainder when 68235 is divided by 94.
85
What is the remainder when 3626 is divided by 450?
26
Calculate the remainder when 735452 is divided by 141.
137
What is the remainder when 55920 is divided by 18587?
159
What is the remainder when 3887 is divided by 58?
1
Calculate the remainder when 1159 is divided by 1105.
54
What is the remainder when 2096 is divided by 803?
490
Calculate the remainder when 43286 is divided by 132.
122
Calculate the remainder when 10797 is divided by 9.
6
What is the remainder when 37420 is divided by 7465?
95
Calculate the remainder when 654 is divided by 115.
79
What is the remainder when 54995 is divided by 75?
20
What is the remainder when 523485 is divided by 114?
111
What is the remainder when 63571 is divided by 1135?
11
Calculate the remainder when 39484 is divided by 9866.
20
What is the remainder when 34096 is divided by 973?
41
What is the remainder when 690 is divided by 77?
74
Calculate the remainder when 2861144 is divided by 1953.
1952
Calculate the remainder when 1334 is divided by 32.
22
Calculate the remainder when 45727 is divided by 17.
14
Calculate the remainder when 37001 is divided by 18434.
133
What is the remainder when 346046 is divided by 86505?
26
What is the remainder when 44157 is divided by 46?
43
What is the remainder when 63376 is divided by 1240?
136
What is the remainder when 82 is divided by 62?
20
Calculate the remainder when 6925 is divided by 571.
73
What is the remainder when 69912 is divided by 164?
48
What is the remainder when 15688 is divided by 71?
68
What is the remainder when 77461 is divided by 154?
153
What is the remainder when 61730 is divided by 253?
251
Calculate the remainder when 1368 is divided by 375.
243
What is the remainder when 37695 is divided by 152?
151
Calculate the remainder when 788 is divided by 102.
74
What is the remainder when 1812777 is divided by 81?
78
What is the remainder when 4813 is divided by 76?
25
Calculate the remainder when 53659 is divided by 353.
3
What is the remainder when 13402 is divided by 671?
653
Calculate the remainder when 4747137 is divided by 1341.
1338
Calculate the remainder when 108075 is divided by 214.
5
Calculate the remainder when 1401693 is divided by 496.
493
Calculate the remainder when 24367 is divided by 443.
2
What is the remainder when 24162 is divided by 1007?
1001
What is the remainder when 2179 is divided by 653?
220
Calculate the remainder when 36391 is divided by 535.
11
What is the remainder when 46048 is divided by 301?
296
Calculate the remainder when 50066 is divided by 4165.
86
What is the remainder when 16681 is divided by 16655?
26
What is the remainder when 80331 is divided by 40163?
5
What is the remainder when 74259 is divided by 446?
223
What is the remainder when 41760 is divided by 394?
390
Calculate the remainder when 693 is divided by 30.
3
Calculate the remainder when 24054 is divided by 23.
19
Calculate the remainder when 37863 is divided by 9421.
179
What is the remainder when 39785 is divided by 545?
0
What is the remainder when 419374 is divided by 26?
20
Calculate the remainder when 11830 is divided by 64.
54
What is the remainder when 737 is divided by 290?
157
What is the remainder when 1956 is divided by 221?
188
Calculate the remainder when 5684 is divided by 5667.
17
Calculate the remainder when 2040 is divided by 853.
334
Calculate the remainder when 29842 is divided by 63.
43
Calculate the remainder when 7223 is divided by 20.
3
Calculate the remainder when 1493 is divided by 87.
14
Calculate the remainder when 84037 is divided by 29.
24
What is the remainder when 62302 is divided by 44?
42
Calculate the remainder when 1228 is divided by 812.
416
What is the remainder when 106239 is divided by 50?
39
Calculate the remainder when 32022 is divided by 88.
78
What is the remainder when 3822 is divided by 30?
12
Calculate the remainder when 7226 is divided by 99.
98
What is the remainder when 1168 is divided by 144?
16
Calculate the remainder when 2273 is divided by 1128.
17
What is the remainder when 47146 is divided by 2245?
1
What is the remainder when 3370 is divided by 368?
58
Calculate the remainder when 3490 is divided by 3441.
49
What is the remainder when 113043 is divided by 50?
43
Calculate the remainder when 137348 is divided by 33.
2
What is the remainder when 14476 is divided by 230?
216
Calculate the remainder when 64676 is divided by 64667.
9
What is the remainder when 13053 is divided by 373?
371
What is the remainder when 521432 is divided by 29?
12
Calculate the remainder when 298112 is divided by 9.
5
What is the remainder when 9866 is divided by 152?
138
What is the remainder when 42856 is divided by 29?
23
What is the remainder when 14816 is divided by 1346?
10
Calculate the remainder when 391 is divided by 224.
167
What is the remainder when 40929 is divided by 13639?
12
What is the remainder when 12134 is divided by 148?
146
Calculate the remainder when 16590 is divided by 61.
59
Calculate the remainder when 2766 is divided by 139.
125
What is the remainder when 1114 is divided by 267?
46
Calculate the remainder when 23951 is divided by 154.
81
What is the remainder when 25191 is divided by 1799?
5
What is the remainder when 21804811 is divided by 34?
33
What is the remainder when 892 is divided by 13?
8
What is the remainder when 825679 is divided by 34?
23
Calculate the remainder when 11489 is divided by 108.
41
What is the remainder when 6647 is divided by 95?
92
What is the remainder when 190561 is divided by 574?
567
What is the remainder when 119264 is divided by 36?
32
Calculate the remainder when 79221 is divided by 279.
264
What is the remainder when 14228 is divided by 13916?
312
What is the remainder when 45897 is divided by 1207?
31
Calculate the remainder when 18203 is divided by 754.
107
What is the remainder when 48352 is divided by 155?
147
What is the remainder when 10221 is divided by 485?
36
What is the remainder when 80472 is divided by 124?
120
Calculate the remainder when 16377 is divided by 273.
270
Calculate the remainder when 1507234 is divided by 258.
256
Calculate the remainder when 992159 is divided by 180.
179
Calculate the remainder when 75957 is divided by 18.
15
What is the remainder when 1708 is divided by 1581?
127
What is the remainder when 4301 is divided by 1943?
415
What is the remainder when 1480385 is divided by 91?
88
Calculate the remainder when 5823024 is divided by 11.
9
Calculate the remainder when 5501 is divided by 1816.
53
What is the remainder when 81595 is divided by 361?
9
Calculate the remainder when 17449 is divided by 4360.
9
Calculate the remainder when 18935 is divided by 1942.
1457
Calculate the remainder when 11367 is divided by 88.
15
What is the remainde